e
Is 387882979 prime?
False
Is 38516489971 a prime number?
False
Is 14404519957 prime?
True
Is 25141803419 prime?
False
Is 526375159 composite?
True
Is 72538677073 a prime number?
True
Is 143262065 composite?
True
Is 396713183 a composite number?
True
Is 2881018327 a composite number?
True
Is 40683075703 a prime number?
True
Is 21856553 a prime number?
False
Is 3423671077 a prime number?
False
Is 4862647679 prime?
True
Is 10561562537 composite?
True
Is 54164458427 a prime number?
True
Is 53268201709 prime?
False
Is 54467100733 a composite number?
True
Is 80859296123 a composite number?
False
Is 31465391 a composite number?
False
Is 458020529 prime?
True
Is 11349621641 a prime number?
True
Is 176542811 a composite number?
False
Is 780996391 prime?
False
Is 522812053 prime?
True
Is 26881187651 a prime number?
False
Is 1642960133 prime?
True
Is 28317869407 a prime number?
True
Is 165918133 a composite number?
False
Is 5713063859 composite?
False
Is 8180712011 a composite number?
False
Is 6917761535 composite?
True
Is 14964135073 a composite number?
False
Is 45974823787 a composite number?
True
Is 25729700171 composite?
True
Is 63814870909 composite?
True
Is 42685849 a prime number?
False
Is 1620807605 composite?
True
Is 703297853 a composite number?
True
Is 1197827767 composite?
True
Is 191193922753 a prime number?
True
Is 5256112993 a composite number?
True
Is 9629123291 composite?
True
Is 43087742881 a composite number?
False
Is 43007910971 a prime number?
True
Is 21182903531 prime?
True
Is 26797253147 a prime number?
False
Is 166567164703 a prime number?
True
Is 8323468429 prime?
True
Is 2221913267 composite?
True
Is 75432713 prime?
True
Is 228973751 a composite number?
False
Is 60135907207 prime?
True
Is 424959229 prime?
True
Is 2822750149 a prime number?
False
Is 36223211 a prime number?
False
Is 712628437 composite?
False
Is 140987909771 a composite number?
True
Is 12250193173 a composite number?
False
Is 14975872969 a prime number?
False
Is 3817601563 composite?
True
Is 5107920185 a prime number?
False
Is 4659703099 a composite number?
False
Is 19476016711 a prime number?
True
Is 6074857963 prime?
True
Is 71440367 a prime number?
True
Is 5352066166 composite?
True
Is 62046161473 a composite number?
False
Is 321886511 prime?
True
Is 21008108931 composite?
True
Is 58750411 prime?
False
Is 14269659679 prime?
False
Is 7665407689 composite?
False
Is 209147038 composite?
True
Is 39774227833 a prime number?
True
Is 1503033001 prime?
False
Is 598689071 a composite number?
False
Is 22974891593 a prime number?
False
Is 3110281417 composite?
False
Is 619311761 a composite number?
False
Is 2896324433 a prime number?
True
Is 36961539193 prime?
True
Is 2280738983 composite?
True
Is 2961367891 a composite number?
False
Is 14963939297 a prime number?
True
Is 8935582337 composite?
True
Is 11703742157 a prime number?
False
Is 18449297639 a prime number?
True
Is 309106942257 prime?
False
Is 1747649951 a composite number?
True
Is 1553812655 prime?
False
Is 6337366151 composite?
False
Is 15054472577 composite?
True
Is 1943109403 a prime number?
True
Is 41340248395 prime?
False
Is 62344024643 composite?
True
Is 155685787087 prime?
True
Is 151621787 a composite number?
False
Is 296473035673 a composite number?
True
Is 737032831 a prime number?
False
Is 348006689 a prime number?
True
Is 136095643 a prime number?
False
Is 1265256851 composite?
False
Is 16860137773 composite?
True
Is 3478190677 a prime number?
False
Is 25775400857 prime?
True
Is 732919151 a composite number?
False
Is 49695778939 a composite number?
True
Is 28113493 a prime number?
False
Is 461235871 a composite number?
False
Is 554347217 a prime number?
True
Is 2286231187 a composite number?
False
Is 2790980431 a prime number?
True
Is 5171876135 a composite number?
True
Is 22181731873 prime?
False
Is 35255991689 prime?
True
Is 10890867359 prime?
True
Is 189471111787 a composite number?
False
Is 62457473983 composite?
True
Is 37947596509 prime?
True
Is 7020860461 prime?
False
Is 3332347919 a prime number?
True
Is 6724362221 prime?
True
Is 47060120339 a prime number?
False
Is 211055158 a prime number?
False
Is 2013491267 a prime number?
True
Is 19464851513 a prime number?
True
Is 6026408015 prime?
False
Is 21294333538 a composite number?
True
Is 1295784167 composite?
True
Is 26114446061 prime?
False
Is 210730829 a composite number?
True
Is 64625279 a prime number?
False
Is 7773816979 prime?
False
Is 637849939 a composite number?
False
Is 3137005033 a composite number?
True
Is 141789983 composite?
False
Is 1256273267 composite?
False
Is 4157494071 composite?
True
Is 2059843193 a composite number?
False
Is 3141082091 a prime number?
False
Is 2540997047 a prime number?
False
Is 31644265013 prime?
True
Is 340139141 a composite number?
True
Is 1579411903 a composite number?
False
Is 157060117 prime?
False
Is 2868910241 prime?
False
Is 184204523 composite?
False
Is 2703221093 a composite number?
False
Is 7757077553 prime?
False
Is 13806959359 composite?
False
Is 17101529713 prime?
False
Is 20974213207 prime?
True
Is 1138602403 a prime number?
False
Is 6136272221 composite?
False
Is 584289143 a prime number?
True
Is 1286008277 composite?
True
Is 653643869 prime?
True
Is 2941634753 a composite number?
False
Is 8959484749 prime?
True
Is 76288073 prime?
True
Is 2399275213 a prime number?
True
Is 9711565561 prime?
False
Is 20882693809 composite?
True
Is 585584869 a prime number?
False
Is 609799513 a composite number?
True
Is 2138164499 a prime number?
True
Is 1374319651 a prime number?
True
Is 2116633474 a composite number?
True
Is 11041462931 prime?
False
Is 1485181391 composite?
False
Is 13449140699 prime?
True
Is 867809861 composite?
False
Is 3307800047 prime?
True
Is 1631562587 a prime number?
False
Is 580241146 composite?
True
Is 61063127855 composite?
True
Is 375689129 composite?
False
Is 15119755071 a prime number?
False
Is 12790693109 a prime number?
False
Is 2585716811 composite?
True
Is 273399197 prime?
True
Is 3495583303 a prime number?
False
Is 149407594573 a prime number?
True
Is 417466003 composite?
False
Is 241446794867 prime?
False
Is 332157295 a composite number?
True
Is 4084761437 a prime number?
False
Is 1224160909 composite?
False
Is 107609540297 a composite number?
True
Is 4870366157 a composite number?
True
Is 20784258623 composite?
True
Is 6598410187 composite?
True
Is 3323941679 a composite number?
False
Is 5424758149 a composite number?
False
Is 13391992909 prime?
False
Is 193360399 prime?
False
Is 1213684801 composite?
True
Is 117475854739 prime?
True
Is 836301309 prime?
False
Is 321374387 composite?
False
Is 99917040869 a prime number?
True
Is 185079469 composite?
False
Is 9629182138 prime?
False
Is 23482600861 a composite number?
True
Is 246109651223 composite?
True
Is 904254763 a prime number?
False
Is 32455495217 prime?
False
Is 26326763621 prime?
True
Is 4594239809 a composite number?
True
Is 2560315529 a composite number?
True
Is 106048628899 prime?
True
Is 165227600033 prime?
True
Is 44040512969 a prime number?
True
Is 265417247 prime?
True
Is 4773360451 composite?
False
Is 2045734583 a prime number?
True
Is 1149853091 a composite number?
False
Is 859023526 composite?
True
Is 16049004941 composite?
False
Is 204935707981 composite?
True
Is 3908679197 a composite number?
False
Is 218509154317 a prime number?
False
Is 195720193 prime?
True
Is 1789145041 a composite number?
True
Is 7442678303 a prime number?
False
Is 173264467 a prime number?
True
Is 5001007763 composite?
True
Is 82003058107 a prime number?
True
Is 17171607023 a composite number?
False
Is 273146759 prime?
False
Is 10337492369 composite?
False
Is 29856337079 composite?
True
Is 24263966911 prime?
False
Is 4686228506 prime?
False
Is 8764995913 a prime number?
True
Is 1866256159 prime?
True
Is 13222973611 prime?
True
Is 12087272387 a composite number?
False
Is 225856535 prime?
False
Is 1234439971 a prime number?
True
Is 1986395665 a composite number?
True
Is 2402175017 a composite number?
True
Is 2901892467 composite?
True
Is 111806640269 a composite number?
True
Is 8432073883 prime?
False
Is 9373002277 a composite number?
False
Is 50922320123 prime?
False
Is 12209411941 a composite number?
False
Is 873377951 prime